0*w + 258. Suppose -x + 578 = 4*p. Suppose 2*r - r = p. Is r a prime number?
True
Let h(s) be the second derivative of 7*s**4/4 + s**3 - s**2/2 - 7*s. Is h(4) a composite number?
False
Suppose -d - 32 = -244. Suppose 0 = 3*b - 2 - 7. Suppose t + b*t = d. Is t a composite number?
False
Let o(l) = 7*l - 4 + l**2 + 8 + 0*l**2 + 2. Is o(-7) a prime number?
False
Suppose 4*u + 6 + 6 = 0. Let x be u*1*(1 - 2). Is x/(-12)*-14*2 prime?
True
Suppose -4*o = 4*j - 4440, -12 - 3 = -5*j. Is o/21 + 4/14 a composite number?
False
Let j(p) = -p**3 + p - 5. Let w be j(0). Let h = 9 + w. Suppose 0*x = x + 3*s - 34, -h*x - s + 169 = 0. Is x composite?
False
Suppose 4*b = -5 + 17. Suppose b*h = h + 430. Is h composite?
True
Suppose -6*h = -8*h + 382. Is h prime?
True
Suppose 11*t = 14*t - 1137. Is t a composite number?
False
Suppose 20 = 2*j - 5*w, -30 = -0*j - 3*j + 4*w. Let b = 15 - j. Is 16/b - 1/5 prime?
True
Suppose -4*r + 50 = 2*v - 4*v, 7 = r + 5*v. Is (-9)/r - (-139)/4 a composite number?
True
Suppose 9*f - 1391 = 12802. Is f prime?
False
Let o(v) be the first derivative of -31*v**2/2 + 4*v + 2. Let w be o(-6). Suppose -t + 3*t - w = 0. Is t a prime number?
False
Let j be 3 - ((3 - 2) + -1). Suppose -j*i + 2*n = -2725, 1057 = 2*i + 3*n - 751. Is i a composite number?
False
Let m(t) be the second derivative of -t**5/20 - t**4/2 - 7*t**3/6 - 5*t**2/2 - t. Let u be m(-5). Is 326/10 - (-2)/u composite?
True
Suppose -379 = -9*k + 8*k. Is k a prime number?
True
Let t = 38 - 31. Is t a composite number?
False
Let a(h) = h + 11. Let w be a(-8). Is (-3 + 6)*13/w prime?
True
Suppose -2*g - 1 = -x, 10 - 1 = 3*x - 3*g. Let w(v) = x*v - 5*v + v + 7 + 5*v. Is w(5) a composite number?
False
Let v be (3 + 0)/(1/1). Suppose -v*l - 9 = 6. Let w(p) = 4*p**2 + 2*p + 5. Is w(l) a composite number?
True
Let n be (-1 - -3) + 1 + 0. Let o(c) = -3*c**3 - 4*c**2 + 3*c - 4. Let u be o(n). Let k = u - -163. Is k a composite number?
True
Let t(z) = 6*z - z**3 - 3*z + 4 - 4*z - 9*z**2 - 7*z. Let u be t(-8). Is 379/u + (-4)/(-16) a composite number?
True
Let w(d) = d**2 + d + 1. Let q be w(-1). Let r = q + 8. Suppose -3*n - r = 0, -2*i - 5*n = i - 78. Is i a prime number?
True
Let i be 0 + 4 + 0/2. Let f be (-7)/(-4) - (-1)/i. Is (0 + f - -75)/1 a composite number?
True
Let i(w) = -w**2 - 9*w - 12. Let s be i(-8). Let z = 195 + s. Is z a prime number?
True
Is 703 - 1 - 7/7 composite?
False
Is ((-133)/14)/((-2)/188) a prime number?
False
Let f = 396 + -193. Suppose -q = -4*q - 4*t + 874, 581 = 2*q + t. Let i = q - f. Is i a composite number?
True
Suppose 10977 = -7*f + 10*f. Is f composite?
False
Suppose 3*i - 198 = 120. Suppose -c - i = -3*c. Is c a composite number?
False
Let m be ((-27)/(-12))/(-3)*8. Let c be 10/(-25) + m/10. Let n = 14 + c. Is n a prime number?
True
Let v(k) = -k**3 + 5*k**2 + 7*k - 3. Let b be v(5). Suppose -4*y - 5*j = 86, 2*y = -y - 5*j - 67. Let s = b + y. Is s composite?
False
Is 4/(-6)*804/(-8) a composite number?
False
Suppose 0 = -5*c - 3*f + 2*f + 21749, -13051 = -3*c - f. Is c a composite number?
False
Let s(f) = f**3 - 6*f**2 + 7*f - 6. Let p be s(5). Suppose -p*d + 408 = -300. Is d prime?
False
Is (3262/28)/((-1)/(-2)) composite?
False
Suppose h - 1530 = -h. Suppose -2*a + 1012 = 5*o + 282, -5*a - h = -5*o. Suppose -3*r - r = -o. Is r a prime number?
True
Suppose 0 = 18*i - 19*i + 111. Is i prime?
False
Suppose p - 19 - 8 = 4*b, 4*b + 132 = 4*p. Is p a prime number?
False
Let r(z) = z**3 - 10*z**2 + 2*z + 2. Let t be r(6). Let m = t + 240. Suppose 2*h - h - m = -3*p, -5*p - 5*h + 180 = 0. Is p a composite number?
False
Let z(f) = 161*f**3 - 3*f**2 + 7*f - 2. Suppose 3*s = 0, c = -3*s + 5*s - 5. Let a(o) = 242*o**3 - 5*o**2 + 11*o - 3. Let q(x) = c*a(x) + 8*z(x). Is q(1) prime?
True
Suppose 0 = j - 0*l - l - 3041, 5*j - 3*l = 15197. Is j prime?
True
Let f(m) = -197*m**3 - 3*m**2 - 1. Is f(-2) prime?
False
Let w = -7 - -8. Let u be -3 + (405 - w) + 1. Let m = -259 + u. Is m a composite number?
True
Suppose 24 = -5*x - 61. Let i be -17*(12*x)/3. Let k = i + -819. Is k composite?
False
Let z = 4 - 8. Let m = 5 + z. Is (1 + (-13 - m))/(-1) a composite number?
False
Let s(c) = -220*c. Let v be s(-2). Let y(h) = -3*h**2 + 8*h - 22. Let x be y(11). Let z = x + v. Is z prime?
False
Let l(i) = 15*i**2 + 3*i + 1. Let n(r) = -2*r + 1. Let d be n(-1). Is l(d) prime?
False
Suppose -3*d + 2*d + 4 = 0. Suppose -2*s = -d*s, 28 = -2*y + 4*s. Is (-430)/y - 4/(-14) composite?
False
Let u = -9 + 32. Let h(r) = -8*r + 15*r - 8*r + u*r. Is h(1) prime?
False
Suppose -4*c + c + 4*p - 1085 = 0, -3*p = c + 353. Let o = 508 + c. Is o composite?
False
Let c(q) = -q**2 - 2*q - 13. Let g be c(0). Let s = -6 - g. Is s composite?
False
Is 821*(8/(-4) + 3)*1 a composite number?
False
Suppose 355 = 5*d + 8*k - 3*k, -3*k + 144 = 2*d. Let z = 124 - d. Is z prime?
False
Suppose 0 = -5*w + 5*a + 4415, 3*a + 3528 = 4*w - 2*a. Is w composite?
False
Let g(d) = 6*d + 1. Let i(m) = -m**2 + 13*m + 2. Let p(b) = 5*g(b) - 2*i(b). Let f = 15 - 22. Is p(f) prime?
True
Suppose 5*j + 262 = 12. Is (-1)/(-5) - 20540/j a composite number?
True
Is (4/(-12))/(2/(-804)) prime?
False
Let t(l) = 5*l**2 + 4*l - 1. Let c be t(-4). Suppose 220 - c = i. Is i a prime number?
True
Let j(u) = -2*u + 547. Is j(0) a prime number?
True
Suppose 0 = -4*s + 7*s - 1710. Suppose 0 = -4*u - 0*u - 4*a + 580, 4*u = a + s. Is u a prime number?
False
Let g(d) = -47*d. Is g(-5) prime?
False
Let v(f) = 34*f - 1. Is v(2) a prime number?
True
Suppose -5*w = -2*f - 16, 6*w + f = 4*w + 10. Suppose -42 - 78 = -w*z. Suppose 0*g + 3*g = z. Is g a composite number?
True
Suppose -946 = -5*b + 59. Suppose 0 = j + 2*j - b. Is j a prime number?
True
Suppose -4184 = -5*y + 2571. Is y composite?
True
Suppose -4*r + 8*r - c - 83 = 0, 82 = 4*r - 2*c. Suppose 4*s = -3*p + 81, 2*p + 44 = 3*s - r. Is s composite?
True
Suppose 5*w + 0*w = 4*a + 4195, 2*w = -3*a + 1655. Is w a composite number?
True
Let j = 542 + -305. Let r = 334 - j. Is r prime?
True
Is (43 - -7) + 6/(-2) prime?
True
Let o be (-7 + -1)/((-1)/2). Suppose -3*p + 13 = 2*q, 0 = q + 4*p + 2 - o. Suppose -d - q*d = -30. Is d a prime number?
False
Suppose 1871 = 2*n - 4275. Is n a composite number?
True
Suppose -3674 = -0*f - 4*f - 2*q, 5*q = -f + 914. Is f composite?
False
Suppose -7002 = -5*a + 3*g, g + 3*g = -5*a + 6974. Suppose 6*y - a = -180. Is y a composite number?
True
Let t(n) = 1 + n + 2 + 0. Let f(y) = -2*y**3 - y**2 + 3*y + 2. Let v be f(-2). Is t(v) composite?
False
Let b = -18 - -20. Suppose 2*f - 5*r - 247 = 0, -281 = -b*f - 3*r - 74. Is f composite?
True
Let n(s) = -s**3 - 4*s**2 - s - 2. Let u be n(-3). Let w = u - -4. Is 226/(-3)*6/w composite?
False
Let v be 1/(0 - (-3)/(-30)). Let t be ((-2)/4)/(1/v). Suppose 4*x - 252 = -t*i, -2*x - 4*i + 7*i = -104. Is x prime?
False
Let f(s) be the third derivative of s**4/12 + 53*s**3/6 + 9*s**2. Is f(0) a composite number?
False
Is (-9819)/(-6) - 4/(-8) a prime number?
True
Let q be (0 + 3)*3 + -3. Suppose q = -b + 3*b. Is b prime?
True
Let l(u) = -u**2 - 7*u - 6. Let v be l(-5). Let q be 2/3 + v/(-6). Suppose q*r = r - 4*m + 10, -5*m = 4*r - 44. Is r prime?
False
Let q(t) = -t**3 - 4*t + 0 - 5 - 6*t**2 - 4. Let j be q(-6). Suppose -u + 18 = -j. Is u prime?
False
Suppose -4*t + 4 + 5 = -p, -3*t = -p - 6. Is (-1)/(t/159)*-1 prime?
True
Let h be 2/4*2 + 1. Let b be 2/(4/(-2)) + h. Is 0 + (0 - b - -68) a composite number?
False
Let g = -2 + 4. Let x be -6*(6/(-4) + 1). Suppose -x*h + g = -67. Is h prime?
True
Let m(t) = t**3 + 187. Let b be m(0). Suppose 3*s - b - 80 = 0. Is s a prime number?
True
Is 83 + 2/3*-6 prime?
True
Let d(c) = -240*c - 9. Is d(-5) a composite number?
True
Let l be (17*10)/(1/(-2)). Let j be (-2)/4 - l/(-8). Let w = -18 - j. Is w prime?
False
Let h = 84 - 13. Is h prime?
True
Let z be -1 + (-1 - -1) + 38. Suppose d + 4*a - z = 0, 0 = 3*a + 2*a - 15. Is d a prime number?
False
Let u(q) = 21*q - 3. Let p be u(-6). Let g = 50 - p. Is g prime?
True
Let u = -82 + 131. Is u composite?
True
Let k(i) be the first derivative of -i**5/20 - 5*i**4/12 + i**2/2 + 2*i - 1. Let t(f) be the first derivative of k(f). Is t(-6) a composite number?
False
Suppose 0 = -h + 9 - 4. Suppose -2*o = -h*o - 3, -4*y + 1481 = 3*o. Is y p